{"id":2219,"date":"2022-11-18T14:43:26","date_gmt":"2022-11-18T13:43:26","guid":{"rendered":"https:\/\/finances.gov.bi\/?page_id=2219"},"modified":"2022-11-18T16:59:48","modified_gmt":"2022-11-18T15:59:48","slug":"fichiers-a-telecharger-2","status":"publish","type":"page","link":"https:\/\/finances.gov.bi\/index.php\/fichiers-a-telecharger-2\/","title":{"rendered":"Fichiers \u00e0 t\u00e9l\u00e9charger pour PTBA Ancienne Version"},"content":{"rendered":"\n<ol>\n<li><a href=\"https:\/\/finances.gov.bi\/wp-content\/uploads\/2022\/05\/1-SYNTHESE-DES-MONTANTS-DES-PTBA-AUX-NIVEAUX-SECTORIEL-SOUS-LE-NOUVEAU-FORMAT-DE-BUDGETS-PROGRAMMES-18-05-2022-V2-sans-comparaison.xlsx\" target=\"_blank\" rel=\"noreferrer noopener\">Budget Synth\u00e8se de PTBA des Institutions et des Sectoriels, Exercice 2022-2023<\/a><\/li>\n\n\n\n<li><a href=\"https:\/\/finances.gov.bi\/wp-content\/uploads\/2022\/05\/BUDGET-SYNTHESE-DES-PTBA-DES-COMMUNES-EXERCICE-2022-2023.xlsx\" target=\"_blank\" rel=\"noreferrer noopener\">Budget Synth\u00e8se de PTBA des Communes, Exercice 2022-2023<\/a><\/li>\n<\/ol>\n\n\n\n<p><strong>SUPER STRUCURES<\/strong><\/p>\n\n\n\n<ol>\n<li><a href=\"https:\/\/finances.gov.bi\/wp-content\/uploads\/2022\/06\/PTBA-PRESIDENCErecalculerCORRIGE-PFN-28-07-2022.xlsx\" target=\"_blank\" rel=\"noreferrer noopener\">PTBA 2022-2023 pour la Pr\u00e9sidence de la R\u00e9publique<\/a><\/li>\n\n\n\n<li><a href=\"https:\/\/finances.gov.bi\/wp-content\/uploads\/2022\/06\/PTBA-VP-V2.xlsx\" target=\"_blank\" rel=\"noreferrer noopener\">PTBA 2022-2023 pour la Vice Pr\u00e9sidence de la R\u00e9publique<\/a><\/li>\n\n\n\n<li><a href=\"https:\/\/finances.gov.bi\/wp-content\/uploads\/2022\/05\/PTBA-PRIMATURE.xlsx\" target=\"_blank\" rel=\"noreferrer noopener\">PTBA 2022-2023 pour le Premier Minist\u00e8re<\/a><\/li>\n\n\n\n<li><a href=\"https:\/\/finances.gov.bi\/wp-content\/uploads\/2022\/05\/PTBA-Assemblee-Nationale.xlsx\" target=\"_blank\" rel=\"noreferrer noopener\">PTBA 2022-2023 pour l&#8217;Assembl\u00e9e Nationale<\/a><\/li>\n\n\n\n<li><a href=\"https:\/\/finances.gov.bi\/wp-content\/uploads\/2022\/05\/PTBA-SENAT.xlsx\" target=\"_blank\" rel=\"noreferrer noopener\">PTBA 2022-2023 SENAT <\/a><\/li>\n<\/ol>\n\n\n\n<p><strong>MINISTERES <\/strong><\/p>\n\n\n\n<ol>\n<li><a href=\"https:\/\/finances.gov.bi\/wp-content\/uploads\/2022\/05\/PTBA-Min.-Finances-VF.xlsx\" target=\"_blank\" rel=\"noreferrer noopener\">PTBA 2022-2023 pour le Minist\u00e8re des Finances , du Budget et de la Planification Economiques<\/a><\/li>\n\n\n\n<li><a href=\"https:\/\/finances.gov.bi\/wp-content\/uploads\/2022\/05\/PTBA-Min.-Relations-Exterieures-VF.xlsx\" target=\"_blank\" rel=\"noreferrer noopener\">PTBA 2022-2023 pour le Minist\u00e8re des Affaires Etrang\u00e8res et desde la Coop\u00e9ration au D\u00e9veloppement<\/a><\/li>\n\n\n\n<li><a href=\"https:\/\/finances.gov.bi\/wp-content\/uploads\/2022\/05\/PTBA-Min-Interieur-VF.xlsx\" target=\"_blank\" rel=\"noreferrer noopener\">PTBA 2022-2023 pour le Minist\u00e8re de l&#8217;Int\u00e9rieur , du D\u00e9veloppement Communautaire et de la S\u00e9curit\u00e9 Publique<\/a><\/li>\n\n\n\n<li><a href=\"https:\/\/finances.gov.bi\/wp-content\/uploads\/2022\/05\/PTBA-DU-MDNAC-VF.xlsx\" target=\"_blank\" rel=\"noreferrer noopener\">PTBA 2022-2023 pour le Minist\u00e8re de la D\u00e9fense Nationale et des Anciens Combattants<\/a><\/li>\n\n\n\n<li><a href=\"https:\/\/finances.gov.bi\/wp-content\/uploads\/2022\/05\/PTBA-Justice-VF.xlsx\" target=\"_blank\" rel=\"noreferrer noopener\">PTBA-Minist\u00e8re de la Justice<\/a><\/li>\n\n\n\n<li><a href=\"https:\/\/finances.gov.bi\/wp-content\/uploads\/2022\/05\/PTBA-MFPTE-VF.xlsx\" target=\"_blank\" rel=\"noreferrer noopener\">PTBA-Minist\u00e8re de la Fonction Publique, du Travail et de l&#8217;Emploi<\/a><\/li>\n\n\n\n<li><a href=\"https:\/\/finances.gov.bi\/wp-content\/uploads\/2022\/05\/PTBA-Min.-EAC-VF.xlsx\" target=\"_blank\" rel=\"noreferrer noopener\">PTBA-Minist\u00e8re des affaires de la Communaut\u00e9 Est-Africaine, de la Jeunesse, des Sports et de la Culture<\/a><\/li>\n\n\n\n<li><a href=\"https:\/\/finances.gov.bi\/wp-content\/uploads\/2022\/05\/PTBA-MINCTIC-VF.xls\" target=\"_blank\" rel=\"noreferrer noopener\">PTBA-Minist\u00e8re de la Communication<\/a><\/li>\n\n\n\n<li><a href=\"https:\/\/finances.gov.bi\/wp-content\/uploads\/2022\/05\/PTBA-MINEAGRIE-VF.xlsx\" target=\"_blank\" rel=\"noreferrer noopener\">PAA Budget Programme 2022-2023 MINEAGRIE VF du 28 Avril 2022 <\/a><\/li>\n\n\n\n<li><a href=\"https:\/\/finances.gov.bi\/wp-content\/uploads\/2022\/05\/PTBA-Min.-Education-VF.xls\" target=\"_blank\" rel=\"noreferrer noopener\">PTBA-Minist\u00e8re l&#8217;Education Nationale et de la Recherche Scientifique<\/a><\/li>\n\n\n\n<li><a href=\"https:\/\/finances.gov.bi\/wp-content\/uploads\/2022\/06\/Min.Commerce-VF.xlsx\" target=\"_blank\" rel=\"noreferrer noopener\">PTBA Minist\u00e8re du Commerce<\/a><\/li>\n\n\n\n<li><a href=\"https:\/\/finances.gov.bi\/wp-content\/uploads\/2022\/06\/PTBA-Min.-Infrastructure-VF.xlsx\" target=\"_blank\" rel=\"noreferrer noopener\">PTBA Minist\u00e8re de l&#8217;infrastructure<\/a><\/li>\n\n\n\n<li><a href=\"https:\/\/finances.gov.bi\/wp-content\/uploads\/2022\/06\/PTBA-Min.-Solidarite-VF.xls\" target=\"_blank\" rel=\"noreferrer noopener\">PTBA du Minist\u00e8re de la Solidarit\u00e9 et le Droit de la Personne Humaine<\/a><\/li>\n\n\n\n<li><a href=\"https:\/\/finances.gov.bi\/wp-content\/uploads\/2022\/06\/PTBA-Mini-Sante-VF.xlsx\" target=\"_blank\" rel=\"noreferrer noopener\">PTBA du Minist\u00e8re de la Sant\u00e9 et la Lutte contre le SIDA<\/a><\/li>\n\n\n\n<li><a href=\"https:\/\/finances.gov.bi\/wp-content\/uploads\/2022\/06\/PTBA-MINHEM-vf.xlsx\" target=\"_blank\" rel=\"noreferrer noopener\">PTBA du Minist\u00e8re de l&#8217;Energie et Mine<\/a><\/li>\n<\/ol>\n\n\n\n<p><strong>FORMAT PTBA :<\/strong><\/p>\n\n\n\n<ol>\n<li><a href=\"https:\/\/finances.gov.bi\/wp-content\/uploads\/2022\/06\/FORMAT-PTBA-AXE-GAR-BP-BURUNDI-AGREGABLE-AU-NIVEAU-MFBPE-15-Avril-2022Niveau-Communes.xlsx\" target=\"_blank\" rel=\"noreferrer noopener\">FORMAT PTBA AXE GAR-BP BURUNDI AGREGABLE AU NIVEA<\/a><a href=\"https:\/\/finances.gov.bi\/wp-content\/uploads\/2022\/06\/FORMAT-DE-PTBA.xlsx\" target=\"_blank\" rel=\"noreferrer noopener\">U MFBPE-15 Avril 2022<\/a><\/li>\n\n\n\n<li><a href=\"https:\/\/finances.gov.bi\/wp-content\/uploads\/2022\/06\/UB4-SIMULATION-DU-CADRE-LOGIQUE-UBFORMAT-PTBA-BDIMENRS-V4.xlsx\" target=\"_blank\" rel=\"noreferrer noopener\">UB4-SIMULATION DU CADRE LOGIQUE UB+FORMAT PTBA BDI+MENRS-V4<\/a><\/li>\n<\/ol>\n\n\n\n<p><strong>GUIDE DE PLANIFICATION, DE PROGRAMMATION, DE BUDGETISATION ET DE SUIVI-EVALUATION AXES SUR LES RESULTATS.<\/strong><\/p>\n\n\n\n<ol>\n<li><a href=\"https:\/\/finances.gov.bi\/wp-content\/uploads\/2022\/09\/Guide-PPBSE_Version-finale-12sept2022-VF.pdf\" target=\"_blank\" rel=\"noreferrer noopener\">Guide de planification, de programmation, de budg\u00e9tisation et de suivi-\u00e9valuation axes sur les r\u00e9sultats. (En format PDF )<\/a><\/li>\n\n\n\n<li><a href=\"https:\/\/finances.gov.bi\/wp-content\/uploads\/2022\/09\/Guide-PPBSE_Vers-finale-12-09-2022-VF.docx\" target=\"_blank\" rel=\"noreferrer noopener\">Guide de planification, de programmation, de budg\u00e9tisation et de suivi-\u00e9valuation axes sur les r\u00e9sultats.( Format Word)<\/a><\/li>\n<\/ol>\n\n\n\n<p>&nbsp;<\/p>\n\n\n\n<p><strong>GUIDE NATIONAL DE PLANIFICATION<\/strong><\/p>\n\n\n\n<p><strong><a href=\"https:\/\/finances.gov.bi\/wp-content\/uploads\/2022\/09\/GNP-version-finale-du-16-mars.docx\" target=\"_blank\" rel=\"noreferrer noopener\">Guide National de Planification<\/a><\/strong><\/p>\n\n\n\n<p>&nbsp;<\/p>\n","protected":false},"excerpt":{"rendered":"<p>SUPER STRUCURES MINISTERES FORMAT PTBA : GUIDE DE PLANIFICATION, DE PROGRAMMATION, DE BUDGETISATION ET DE SUIVI-EVALUATION AXES SUR LES RESULTATS.<\/p>\n","protected":false},"author":1,"featured_media":0,"parent":0,"menu_order":0,"comment_status":"closed","ping_status":"closed","template":"","meta":[],"folder":[34],"_links":{"self":[{"href":"https:\/\/finances.gov.bi\/index.php\/wp-json\/wp\/v2\/pages\/2219"}],"collection":[{"href":"https:\/\/finances.gov.bi\/index.php\/wp-json\/wp\/v2\/pages"}],"about":[{"href":"https:\/\/finances.gov.bi\/index.php\/wp-json\/wp\/v2\/types\/page"}],"author":[{"embeddable":true,"href":"https:\/\/finances.gov.bi\/index.php\/wp-json\/wp\/v2\/users\/1"}],"replies":[{"embeddable":true,"href":"https:\/\/finances.gov.bi\/index.php\/wp-json\/wp\/v2\/comments?post=2219"}],"version-history":[{"count":3,"href":"https:\/\/finances.gov.bi\/index.php\/wp-json\/wp\/v2\/pages\/2219\/revisions"}],"predecessor-version":[{"id":2223,"href":"https:\/\/finances.gov.bi\/index.php\/wp-json\/wp\/v2\/pages\/2219\/revisions\/2223"}],"wp:attachment":[{"href":"https:\/\/finances.gov.bi\/index.php\/wp-json\/wp\/v2\/media?parent=2219"}],"wp:term":[{"taxonomy":"folder","embeddable":true,"href":"https:\/\/finances.gov.bi\/index.php\/wp-json\/wp\/v2\/folder?post=2219"}],"curies":[{"name":"wp","href":"https:\/\/api.w.org\/{rel}","templated":true}]}}